{"id":4136,"date":"2018-03-14T08:28:42","date_gmt":"2018-03-14T07:28:42","guid":{"rendered":"http:\/\/blog-conny-dethloff.de\/?page_id=4136"},"modified":"2022-01-05T06:03:42","modified_gmt":"2022-01-05T05:03:42","slug":"modelle-excel-und-consideo","status":"publish","type":"page","link":"https:\/\/blog-conny-dethloff.de\/?page_id=4136","title":{"rendered":"Modelle (Excel und Consideo)"},"content":{"rendered":"<p><strong>Meine Modelle im Know-Why Net<\/strong><br \/>\nIm Know-Why Net werden Modelle gesammelt, die mit dem iModeler erstellt wurden. <a href=\"https:\/\/www.know-why.net\/profi?id=CQFAFIOFqrJ3FUfemeZvjxg\">Hier<\/a> sehen Sie alle meine bislang erstellten Modelle, die ich dort ver\u00f6ffentlich habe.<\/p>\n<table style=\"background-color: #ffffff;\" border=\"2\" width=\"100%\" cellspacing=\"3\" cellpadding=\"2\">\n<tbody>\n<tr>\n<td style=\"text-align: left;\"><strong>Titel<\/strong><\/td>\n<td style=\"text-align: left;\"><strong>Beschreibung<\/strong><\/td>\n<td style=\"text-align: left;\"><strong>Link<\/strong><\/td>\n<\/tr>\n<tr>\n<td style=\"text-align: left;\">Transformation: Leitbilder sind beides, passf\u00e4hig und nicht passf\u00e4hig<\/td>\n<td style=\"text-align: left;\">Leitbilder werden oft als notwendig und durchweg positiv f\u00fcr eine erfolgreiche Transformation dargestellt. Mit diesem Modell zeige ich zus\u00e4tzlich zu diesen positiven Aspekte auch die eher negativen Seite von Leitbildern.<\/td>\n<td style=\"text-align: center;\"><a href=\"https:\/\/www.know-why.net\/model\/C2lFJn7dyvlCfbeNUgR4YyA\"><img loading=\"lazy\" decoding=\"async\" class=\"size-full wp-image-2135 aligncenter\" src=\"http:\/\/blog-conny-dethloff.de\/wp-content\/uploads\/2012\/12\/link.png\" alt=\"link\" width=\"16\" height=\"16\" \/><\/a><\/td>\n<\/tr>\n<tr>\n<td style=\"text-align: left;\">Work in Progress (WiP)<\/td>\n<td style=\"text-align: left;\">WiP wird beim Erstellen von Produkten und Services h\u00e4ufig als wichtiges Werkzeug dargestellt, um effektiv und effizient arbeiten zu k\u00f6nnen. Dieses Modell stellt das Werkzeug WiP in einen gro\u00dfen Zusammenhang zu anderen Faktoren.<\/td>\n<td style=\"text-align: center;\"><a href=\"https:\/\/www.know-why.net\/model\/CToGB5GVvNYB01_1fvFtlrQ\"><img loading=\"lazy\" decoding=\"async\" class=\"size-full wp-image-2135 aligncenter\" src=\"http:\/\/blog-conny-dethloff.de\/wp-content\/uploads\/2012\/12\/link.png\" alt=\"link\" width=\"16\" height=\"16\" \/><\/a><\/td>\n<\/tr>\n<tr>\n<td style=\"text-align: left;\">Oeconomia<\/td>\n<td style=\"text-align: left;\">Das gesamtwirtschaftlich \u00f6konomische Modell wird hier modelliert.<\/td>\n<td style=\"text-align: center;\"><a href=\"https:\/\/www.know-why.net\/model\/C-uqTav99GBjHi_OfND9lIw\"><img loading=\"lazy\" decoding=\"async\" class=\"size-full wp-image-2135 aligncenter\" src=\"http:\/\/blog-conny-dethloff.de\/wp-content\/uploads\/2012\/12\/link.png\" alt=\"link\" width=\"16\" height=\"16\" \/><\/a><\/td>\n<\/tr>\n<\/tbody>\n<\/table>\n<p><strong>K\u00e4uflich zu erwerbende Modelle im Consideo-Shop<\/strong><br \/>\nBei diesen Modellen handelt es sich um Templates, die Sie bei mir \u00fcber das <a href=\"http:\/\/blog-conny-dethloff.de\/?page_id=1683\">Kontaktformular<\/a> anfordern k\u00f6nnen oder im <a href=\"http:\/\/www.consideo-shop.de\/\">Consideo Shop<\/a>, die Modelle haben einen Link in der rechten Spalte, k\u00e4uflich erwerben k\u00f6nnen.<\/p>\n<table style=\"background-color: #ffffff;\" border=\"2\" width=\"100%\" cellspacing=\"3\" cellpadding=\"2\">\n<tbody>\n<tr>\n<td style=\"text-align: left;\"><strong>Titel<\/strong><\/td>\n<td style=\"text-align: left;\"><strong>Beschreibung<\/strong><\/td>\n<td style=\"text-align: left;\"><strong>Link<\/strong><\/td>\n<\/tr>\n<tr>\n<td style=\"text-align: left;\">Beergame (Qualitativ)<\/td>\n<td style=\"text-align: left;\">Das ber\u00fchmte Beergame zur Darstellung einer einfachen Supply Chain mit 4 Beteiligten Einzelhandel, Gro\u00dfhandel, Vertrieb und Brauerei ist qualitativ modelliert.<\/td>\n<td style=\"text-align: center;\">&#8230;<\/td>\n<\/tr>\n<tr>\n<td style=\"text-align: left;\">Balanced Scorecard (Qualitativ)<\/td>\n<td style=\"text-align: left;\">Die Balanced Scorecard in den Dimensionen Finanzen, Kunde, Wachstum und Mitarbeiter ist qualitativ modelliert.<\/td>\n<td style=\"text-align: center;\">&#8230;<\/td>\n<\/tr>\n<tr>\n<td style=\"text-align: left;\">Beergame (Quantitativ)<\/td>\n<td style=\"text-align: left;\">Die Beziehungen zwischen den Faktoren aus dem Beergame wurden quantitativ bewertet, so dass die einzelnen Wirkungen simuliert werden k\u00f6nnen und der Bullwhip-Effekt sehr sch\u00f6n erkennbar ist. Das Template ist k\u00e4uflich im Consideo-Shop zu erwerben.<\/td>\n<td style=\"text-align: center;\"><a href=\"http:\/\/www.consideo-shop.de\/product_info.php\/cPath\/21\/products_id\/50\"><img loading=\"lazy\" decoding=\"async\" class=\"size-full wp-image-2135 aligncenter\" src=\"http:\/\/blog-conny-dethloff.de\/wp-content\/uploads\/2012\/12\/link.png\" alt=\"link\" width=\"16\" height=\"16\" \/><\/a><\/td>\n<\/tr>\n<tr>\n<td style=\"text-align: left;\">Hausfinanzierung (Quantitativ)<\/td>\n<td style=\"text-align: left;\">Das Modell gibt eine Entscheidungshilfe f\u00fcr eine Hausfinanzierung. Faktoren wie Bausparer oder Sondertilgungen fliessen ein. Es sind zwei Kreditdarlehen dargestellt. Das Modell ist erweiterbar auf weitere Kreditdarlehen. Das Modell gibt Auskunft \u00fcber die Laufzeit der Kredite und stellt einen Zahlungsplan dar.<\/td>\n<td style=\"text-align: center;\">&#8230;<\/td>\n<\/tr>\n<tr>\n<td style=\"text-align: left;\">Miniwelt-Modell (Quantitativ)<\/td>\n<td style=\"text-align: left;\">Das Weltmodell World3 von Dennis und Donella Meadows aus dem Jahre 1992 wurde auf 3 Zustandsfaktoren (Bev\u00f6lkerung, Umweltbelastung und Konsum) vereinfacht quantitativ modelliert. Trotz der Vereinfachung kann man sehr sch\u00f6n die Auswirkungen des Konsums auf die Umweltbelastung und somit auf die Anzahl der Bev\u00f6lkerung erkennen.<\/td>\n<td style=\"text-align: center;\">&#8230;<\/td>\n<\/tr>\n<tr>\n<td style=\"text-align: left;\">Plansimulationsspiel Fussball Meisterschaft<\/td>\n<td style=\"text-align: left;\">3 Fussballmannschaften nehmen an einer Fussballliga teil. Es werden in Summe maximal 12 Saisons gespielt (2014 bis 2025). Die Spielergruppe wird auf die 3 Mannschaften aufgeteilt. Dabei m\u00fcssen die Positionen Trainer, Manager und Sportdirektor ernannt werden. Abh\u00e4ngig von der Gr\u00f6\u00dfe der Spielergruppe k\u00f6nnen auch mehrere Spieler eine Position bekleiden. Vor Beginn einer jeden Saison m\u00fcssen die Managementteams eines jeden Fussballteams entscheiden, wieviel Spieler gekauft und verkauft werden. Ziel des Spiels ist es f\u00fcr die jeweilige Fussballmannschaft am Ende der 12 Saisons den h\u00f6chsten Cash Flow und die beste durchschnittliche Tabellenposition zu erreichen.<\/td>\n<td style=\"text-align: center;\">&#8230;<\/td>\n<\/tr>\n<\/tbody>\n<\/table>\n<p>&nbsp;<\/p>\n<p><strong>CONSIDEO-Modelle zum Einstieg<\/strong><\/p>\n<p>Den CONSIDEO MODELER k\u00f6nnen Sie sich in einer Freeware-Version von der <a href=\"http:\/\/www.consideo-modeler.de\/downloads\/download.asp\">Homepage der Firma Consideo GmbH<\/a> laden. Mit diesem k\u00f6nnen bis zu 20 Faktoren simuliert werden. Die nachfolgenden kleinen Lern-Modelle lassen sich mit der Freewareversion testen und unter Umst\u00e4nden \u00e4ndern. Mit diesen Modellen entwickeln Sie ein erstes Gef\u00fchl f\u00fcr die Dynamik in selbst schon kleinen Modellen. Falls Sie Anmerkungen oder Verbesserungsvorschl\u00e4ge haben, kontaktieren Sie mich gerne \u00fcber das <a href=\"http:\/\/blog-conny-dethloff.de\/?page_id=1683\">Kontaktformular<\/a>. Auch an neue von Ihnen erstellte Modelle bin ich interessiert.<\/p>\n<table style=\"background-color: #ffffff;\" border=\"2\" width=\"100%\" cellspacing=\"3\" cellpadding=\"2\">\n<tbody>\n<tr>\n<td style=\"text-align: left;\"><strong>Titel<\/strong><\/td>\n<td style=\"text-align: left;\"><strong>Beschreibung<\/strong><\/td>\n<td style=\"text-align: left;\"><strong>Link<\/strong><\/td>\n<\/tr>\n<tr>\n<td style=\"text-align: left;\">Lineares Wachstum\/ Linearer Schwund<\/td>\n<td style=\"text-align: left;\">Am Beispiel des F\u00fcllens einer Badewanne wird in diesem Modell das lineare Wachstum demonstriert. Alternativ kann das Modell f\u00fcr linearen Schwund ge\u00e4ndert werden, in dem ein Flussfaktor &#8220;Wasserablauf&#8221; inkludiert wird, der betragsm\u00e4\u00dfig gr\u00f6\u00dfer als der Flussfaktor &#8220;Wasserzulauf&#8221; ist.<\/td>\n<td style=\"text-align: center;\"><a href=\"http:\/\/conny-dethloff.de\/mediapool\/78\/781999\/data\/Lineares_Wachstum.xml\"><img loading=\"lazy\" decoding=\"async\" class=\"size-full wp-image-2135 aligncenter\" src=\"http:\/\/blog-conny-dethloff.de\/wp-content\/uploads\/2012\/12\/link.png\" alt=\"link\" width=\"16\" height=\"16\" \/><\/a><\/td>\n<\/tr>\n<tr>\n<td style=\"text-align: left;\">Exponentielles Wachstum\/ Degressives Fallen<\/td>\n<td style=\"text-align: left;\">Das Modell stellt das altbekannte Thema Zinseszins dar. Man hinterlegt am Anfang einen bestimmten Betrag auf das Guthabenkonto. Pro bestimmter Zeitperiode kommen die Guthabenzinsen zum Guthaben hinzu. \u00c4hnlich wie beim Linearen Wachstum kann man sich den umgekehrten Fall vorstellen (Bsp.: Leeren eines \u00d6ltanks) via Degressivem Fallen.<\/td>\n<td style=\"text-align: center;\"><a href=\"http:\/\/conny-dethloff.de\/mediapool\/78\/781999\/data\/Exponentielles_Wachstum.xml\"><img loading=\"lazy\" decoding=\"async\" class=\"size-full wp-image-2135 aligncenter\" src=\"http:\/\/blog-conny-dethloff.de\/wp-content\/uploads\/2012\/12\/link.png\" alt=\"link\" width=\"16\" height=\"16\" \/><\/a><\/td>\n<\/tr>\n<tr>\n<td style=\"text-align: left;\">Logistisches Wachstum<\/td>\n<td style=\"text-align: left;\">Das Modell bescheibt das Wachstum einer Population in einer Umgebung, wobei die Umgebung eine Kapazit\u00e4tsgrenze vorgibt. Man erkennt, je weiter die Population von der Kapzit\u00e4tsgrenze entfernt ist, desto schneller w\u00e4chst sie (exponentielles Wachstum), je n\u00e4her sie an die Grenze kommt, desto langsamer w\u00e4chst sie (exponentielle Verz\u00f6gerung oder Wachstum mit abnehmendem Grenznutzen). Das ergibt die S-Form der Kurve des Bestandes der Population. Tipp: Simulieren Sie das Modell beim Ver\u00e4ndern der Wachstumsrate.<\/td>\n<td style=\"text-align: center;\"><a href=\"http:\/\/conny-dethloff.de\/mediapool\/78\/781999\/data\/Logistisches_Wachstum.xml\"><img loading=\"lazy\" decoding=\"async\" class=\"size-full wp-image-2135 aligncenter\" src=\"http:\/\/blog-conny-dethloff.de\/wp-content\/uploads\/2012\/12\/link.png\" alt=\"link\" width=\"16\" height=\"16\" \/><\/a><\/td>\n<\/tr>\n<tr>\n<td style=\"text-align: left;\">Wachstum mit abnehmendem Grenznutzen (exponentielle Verz\u00f6gerung)<\/td>\n<td style=\"text-align: left;\">Dieses Modell zeigt den Ausbau einer Verkehrsinfrastruktur. Am Anfang w\u00e4chst die Infrastruktur sehr schnell, dann aber immer langsamer. Sie w\u00e4chst aber ohne Beschr\u00e4nkung immer weiter.<\/td>\n<td style=\"text-align: center;\"><a href=\"http:\/\/conny-dethloff.de\/mediapool\/78\/781999\/data\/Wachstum_mit_abnehmendem_Grenznutzen.xml\"><img loading=\"lazy\" decoding=\"async\" class=\"size-full wp-image-2135 aligncenter\" src=\"http:\/\/blog-conny-dethloff.de\/wp-content\/uploads\/2012\/12\/link.png\" alt=\"link\" width=\"16\" height=\"16\" \/><\/a><\/td>\n<\/tr>\n<tr>\n<td style=\"text-align: left;\">Wachstum mit abnehmendem Grenznutzen und S\u00e4ttigung<\/td>\n<td style=\"text-align: left;\">Es wird das Aufw\u00e4rmen kalter H\u00e4nde an einer Heizung simuliert. Der unterschied zum vorigen Modell ist, dass eine S\u00e4ttigung eintritt. Das heisst ab einem bestimmten Punkt bleibt die Temperatur der H\u00e4nde bei ca. K\u00f6rpertemperatur konstant. Tipp: Spielen Sie ein wenig mit den Zeitverz\u00f6gerungen herum.<\/td>\n<td style=\"text-align: center;\"><a href=\"http:\/\/conny-dethloff.de\/mediapool\/78\/781999\/data\/Wachstum_mit_abnehmendem_Grenznutzen_und_Saettigung.xml\"><img loading=\"lazy\" decoding=\"async\" class=\"size-full wp-image-2135 aligncenter\" src=\"http:\/\/blog-conny-dethloff.de\/wp-content\/uploads\/2012\/12\/link.png\" alt=\"link\" width=\"16\" height=\"16\" \/><\/a><\/td>\n<\/tr>\n<tr>\n<td style=\"text-align: left;\">Umweltschutzma\u00dfnahmen<\/td>\n<td style=\"text-align: left;\">Mit diesem Modell kann man simulieren, wie sich der Bestand an Menschen in Abh\u00e4ngigkeit von Geburten-, Todesrate, M\u00fcllproduktion und eingeleiteten Umweltschutzma\u00dfnahmen entwickelt.<\/td>\n<td style=\"text-align: center;\"><a href=\"http:\/\/conny-dethloff.de\/mediapool\/78\/781999\/data\/Quantitatives_Modell_Umweltschutzmassnahmen.xml\"><img loading=\"lazy\" decoding=\"async\" class=\"size-full wp-image-2135 aligncenter\" src=\"http:\/\/blog-conny-dethloff.de\/wp-content\/uploads\/2012\/12\/link.png\" alt=\"link\" width=\"16\" height=\"16\" \/><\/a><\/td>\n<\/tr>\n<tr>\n<td style=\"text-align: left;\">Parkplatz<\/td>\n<td style=\"text-align: left;\">Pro Stunde kommen 300 Autos in ein Parkhaus, 15% davon verlassen das Parkhaus gleich wieder, da kein Platz frei ist. Pro Minute verlassen 1% der abgestellten Fahrzeuge das Parkhaus. Wie viel Pl\u00e4tze fasst das Parkhaus insgesamt?<\/td>\n<td style=\"text-align: center;\"><a href=\"http:\/\/conny-dethloff.de\/mediapool\/78\/781999\/data\/Parkplatz.xml\"><img loading=\"lazy\" decoding=\"async\" class=\"size-full wp-image-2135 aligncenter\" src=\"http:\/\/blog-conny-dethloff.de\/wp-content\/uploads\/2012\/12\/link.png\" alt=\"link\" width=\"16\" height=\"16\" \/><\/a><\/td>\n<\/tr>\n<tr>\n<td style=\"text-align: left;\">Papier falten<\/td>\n<td style=\"text-align: left;\">Man falte ein DIN A4 blatt, ca. 0,1mm dick, ein Mal zusammen. nun ist es zwei mal so dick: exakt 0,2 mm. Der Vorgang wird wiederholt. K\u00f6nnte man das Blatt 48 mal falten, wie dick oder hoch w\u00e4re es dann?<\/td>\n<td style=\"text-align: center;\"><a href=\"http:\/\/conny-dethloff.de\/mediapool\/78\/781999\/data\/Papier_falten.xml\"><img loading=\"lazy\" decoding=\"async\" class=\"size-full wp-image-2135 aligncenter\" src=\"http:\/\/blog-conny-dethloff.de\/wp-content\/uploads\/2012\/12\/link.png\" alt=\"link\" width=\"16\" height=\"16\" \/><\/a><\/td>\n<\/tr>\n<tr>\n<td style=\"text-align: left;\">Schweinezyklus<\/td>\n<td style=\"text-align: left;\">Das Thema Schweinezyklus ist ebenfalls ein sehr bekanntes, welches als Synonym f\u00fcr eine Angebot-Nachfrage-Beziehung des Marktes steht. Je mehr Schweine vorhanden sind, desto geringer ist der Preis, den man pro Schwein erzielen kann. Je gr\u00f6\u00dfer der Preis ist, den man pro Schwein erzielen kann, desto gr\u00f6\u00dfer ist der Anreiz Schweine zu z\u00fcchten. Allerdings hat diese Beziehung eine Zeitverz\u00f6gerung. Nicht sofort, wenn der Preis pro Schwein erh\u00f6ht wird, sind mehr Schweine erh\u00e4ltlich, sondern diese m\u00fcssen ja erst gez\u00fcchtet werden.<\/td>\n<td style=\"text-align: center;\"><a href=\"http:\/\/conny-dethloff.de\/mediapool\/78\/781999\/data\/Schweinezyklus.xml\"><img loading=\"lazy\" decoding=\"async\" class=\"size-full wp-image-2135 aligncenter\" src=\"http:\/\/blog-conny-dethloff.de\/wp-content\/uploads\/2012\/12\/link.png\" alt=\"link\" width=\"16\" height=\"16\" \/><\/a><\/td>\n<\/tr>\n<tr>\n<td style=\"text-align: left;\">R\u00e4uber-Beute Modell<\/td>\n<td style=\"text-align: left;\">Die Geburten der Beutetiere h\u00e4ngt von der Anzahl der R\u00e4uber ab. Je mehr R\u00e4ubertiere, desto weniger Geburten der Beutetiere. Die Sterbef\u00e4lle der Beutetiere h\u00e4ngt von der Anzahl der R\u00e4uber ab. Je mehr R\u00e4ubertiere, desto mehr Sterbef\u00e4lle der Beutetiere. Die Geburten der R\u00e4uber h\u00e4ngt von der Anzahl der Beutetiere ab. Je mehr Beutetiere, desto mehr Geburten der R\u00e4uber. Die Sterbef\u00e4lle der R\u00e4uber h\u00e4ngt von der Anzahl der Beute ab. Je mehr Beute, desto weniger Sterbef\u00e4lle der R\u00e4uber.<\/td>\n<td style=\"text-align: center;\"><a href=\"http:\/\/conny-dethloff.de\/mediapool\/78\/781999\/data\/RaeuberBeuteModell.xml\"><img loading=\"lazy\" decoding=\"async\" class=\"size-full wp-image-2135 aligncenter\" src=\"http:\/\/blog-conny-dethloff.de\/wp-content\/uploads\/2012\/12\/link.png\" alt=\"link\" width=\"16\" height=\"16\" \/><\/a><\/td>\n<\/tr>\n<tr>\n<td style=\"text-align: left;\">Volkswirtschaft ohne Staat und Ausland<\/td>\n<td style=\"text-align: left;\">Das ist ein vereinfachtes Modell f\u00fcr die Volkswirtschaft. Es wird simuliert, wie sich Investitionen auf das Volkseinkommen und damit wiederum auf das Konsumverhalten auswirken. Man erkennt, das sich bei einmaligen Investitionserh\u00f6hungen das Volkseinkommen mit exponentieller Verz\u00f6gerung erh\u00f6ht, sich dann aber wieder auf das alte Niveau einpendelt. Einmalige Finanzspritzen, wie man sie immer wieder gerne seitens der Politik propagiert, sind ceteris paribus nicht von ganzheitlicher Wirkung.<\/td>\n<td style=\"text-align: center;\"><a href=\"http:\/\/conny-dethloff.de\/mediapool\/78\/781999\/data\/Volkswirtschaft_ohne_Staat_und_Ausland.xml\"><img loading=\"lazy\" decoding=\"async\" class=\"size-full wp-image-2135 aligncenter\" src=\"http:\/\/blog-conny-dethloff.de\/wp-content\/uploads\/2012\/12\/link.png\" alt=\"link\" width=\"16\" height=\"16\" \/><\/a><\/td>\n<\/tr>\n<tr>\n<td style=\"text-align: left;\">Bewertung von Konjunkturpaketen nach John Maynard Keynes<\/td>\n<td style=\"text-align: left;\">Vor kurzem erschien <a href=\"http:\/\/www.handelsblatt.com\/politik\/nachrichten\/der-kern-von-keynes;2218752\">im Handelsblatt eine Reihe<\/a> zu dem bekannten \u00d6konomen John Maynard Keynes. In dieser Reihe werden die Ideen, die Keynes im Zusammenhang mit der Weltwirtschaft und Einbeziehung von Staatsaktivit\u00e4ten generiert hat, vorgestellt. Es kommen auch Kritiker zu Wort. Sehr interessante und lesenswerte Artikel. Ich habe die Fakten in einem qualitativen Modell zusammengefasst.<\/td>\n<td style=\"text-align: center;\"><a href=\"http:\/\/conny-dethloff.de\/mediapool\/78\/781999\/data\/KonjunkturprogrammenachKeynes.xml\"><img loading=\"lazy\" decoding=\"async\" class=\"size-full wp-image-2135 aligncenter\" src=\"http:\/\/blog-conny-dethloff.de\/wp-content\/uploads\/2012\/12\/link.png\" alt=\"link\" width=\"16\" height=\"16\" \/><\/a><\/td>\n<\/tr>\n<\/tbody>\n<\/table>\n<p>&nbsp;<\/p>\n<p><strong>Excel-Modelle<\/strong><\/p>\n<p>Nachfolgend finden Sie einige von mir ausgew\u00e4hlt erstellte Excelmodelle, die haupts\u00e4chlich \u00fcber Makros erstellt wurden.<\/p>\n<table style=\"background-color: #ffffff;\" border=\"2\" width=\"100%\" cellspacing=\"3\" cellpadding=\"2\">\n<tbody>\n<tr>\n<td style=\"text-align: left;\"><strong>Titel<\/strong><\/td>\n<td style=\"text-align: left;\"><strong>Beschreibung<\/strong><\/td>\n<td style=\"text-align: left;\"><strong>Link<\/strong><\/td>\n<\/tr>\n<tr>\n<td style=\"text-align: left;\">Game of Life<\/td>\n<td style=\"text-align: left;\">Das Modell simuliert das Thema \u00dcber- und Unterbev\u00f6lkerung. Auf einem Areal von 20&#215;20 Feldern kann eine Population leben. Dabei gilt folgende Regel: Eine tote Zelle wird lebendig &#8211; also geboren &#8211; wenn sie genau drei lebende Nachbarn besitzt. Eine tote Zelle stribt, wenn sie weniger als zwei (Einsamkeit) oder mehr als drei (\u00dcberbev\u00f6lkerung) lebende Nachbarn hat. Anhand von schrittweiten Simulationen kann man gewisse Formen bis zu einem fixen Zustand generieren, wo dann keine Zellen mehr sterben oder geboren werden.<\/td>\n<td style=\"text-align: center;\"><a href=\"http:\/\/conny-dethloff.de\/mediapool\/78\/781999\/data\/Game_of_Life.xls\"><img loading=\"lazy\" decoding=\"async\" class=\"size-full wp-image-2135 aligncenter\" src=\"http:\/\/blog-conny-dethloff.de\/wp-content\/uploads\/2012\/12\/link.png\" alt=\"link\" width=\"16\" height=\"16\" \/><\/a><\/td>\n<\/tr>\n<tr>\n<td style=\"text-align: left;\">Lineare Fraktale<\/td>\n<td style=\"text-align: left;\">Sie k\u00f6nnen das Sierpinski-Dreieck, den Farn, die Kochkurve, das Blatt und die Hofst\u00e4dter Menge \u00fcber mathematische Transformationsalgorithmen zeichnen. Interesssant dabei ist mit den Parametern Iterationsschritte, Startpunkt und Gleichgewichtet zu spielen und die Auswirkungen zu testen.<\/td>\n<td style=\"text-align: center;\"><a href=\"http:\/\/conny-dethloff.de\/mediapool\/78\/781999\/data\/Fraktale_Lineare_.xls\"><img loading=\"lazy\" decoding=\"async\" class=\"size-full wp-image-2135 aligncenter\" src=\"http:\/\/blog-conny-dethloff.de\/wp-content\/uploads\/2012\/12\/link.png\" alt=\"link\" width=\"16\" height=\"16\" \/><\/a><\/td>\n<\/tr>\n<tr>\n<td style=\"text-align: left;\">Logistische Fraktale<\/td>\n<td style=\"text-align: left;\">Sie k\u00f6nnen das R\u00e4uber-Beute Modell simulieren und im Phasenraum darstellen. Das Weiteren k\u00f6nnen sie mit diesem Excel-Modell die Feigenbaum-Menge erzeugen. Bei der Feigenbaum-Menge lassen sich sehr sch\u00f6n die Phasenverdopplungen erkennen.<\/td>\n<td style=\"text-align: center;\"><a href=\"http:\/\/conny-dethloff.de\/mediapool\/78\/781999\/data\/Fraktale_Logistisch_.xls\"><img loading=\"lazy\" decoding=\"async\" class=\"size-full wp-image-2135 aligncenter\" src=\"http:\/\/blog-conny-dethloff.de\/wp-content\/uploads\/2012\/12\/link.png\" alt=\"link\" width=\"16\" height=\"16\" \/><\/a><\/td>\n<\/tr>\n<tr>\n<td style=\"text-align: left;\">Lorenz Attraktor<\/td>\n<td style=\"text-align: left;\">Edward Lorenz benutzte Anfang 1960 f\u00fcr seine Wettervorhersagen ein recht simples Differentialgleichungssystem. Durch Zufall, in dem er die Anfangswerte nur ein wenig ver\u00e4nderte, erkannte er, dass dieses Gleichungssystem gro\u00dfe Schwankungen in den Ergebnissen errechnete. Des Weiteren erkannte er dass, egal wie die Anfangswerte gesetzt werden, der Phasenraum des Gleichungssystems stets ein und das selbe Muster aufwies. Dieses wird nach ihm Lorenz-Attraktor genannt.<\/td>\n<td style=\"text-align: center;\"><a href=\"http:\/\/conny-dethloff.de\/mediapool\/78\/781999\/data\/Lorenzattraktor.xls\"><img loading=\"lazy\" decoding=\"async\" class=\"size-full wp-image-2135 aligncenter\" src=\"http:\/\/blog-conny-dethloff.de\/wp-content\/uploads\/2012\/12\/link.png\" alt=\"link\" width=\"16\" height=\"16\" \/><\/a><\/td>\n<\/tr>\n<tr>\n<td style=\"text-align: left;\">Apfelm\u00e4nnchen<\/td>\n<td style=\"text-align: left;\">Mit einem Faktor von 2,3 Trillionen wird in das wohl ber\u00fchmteste Fraktal &#8211; das Apfelm\u00e4nnchen &#8211; hinein gezoomt. Man erkennt hier sehr sch\u00f6n die immer wieder kehrenden selbst\u00e4hnlichen Formen. Diese Datei ist ein exe-Datei und l\u00e4sst sich sofort ausf\u00fchren. Dieses Programm entstammt nicht meiner Feder.<\/td>\n<td style=\"text-align: center;\"><a href=\"http:\/\/conny-dethloff.de\/mediapool\/78\/781999\/data\/f_zoom.exe\"><img loading=\"lazy\" decoding=\"async\" class=\"size-full wp-image-2135 aligncenter\" src=\"http:\/\/blog-conny-dethloff.de\/wp-content\/uploads\/2012\/12\/link.png\" alt=\"link\" width=\"16\" height=\"16\" \/><\/a><\/td>\n<\/tr>\n<tr>\n<td style=\"text-align: left;\">Weihnachtsbaum (von Hichert)<\/td>\n<td style=\"text-align: left;\">Eine spa\u00dfige Excelanimation von <a href=\"http:\/\/www.hichert.com\/\">Hichert+Partner AG<\/a>, gerade zur Weihnachtszeit immer wieder genommen.<\/td>\n<td style=\"text-align: center;\"><a href=\"http:\/\/conny-dethloff.de\/mediapool\/78\/781999\/data\/Weihnachtsbaum.xls\"><img loading=\"lazy\" decoding=\"async\" class=\"size-full wp-image-2135 aligncenter\" src=\"http:\/\/blog-conny-dethloff.de\/wp-content\/uploads\/2012\/12\/link.png\" alt=\"link\" width=\"16\" height=\"16\" \/><\/a><\/td>\n<\/tr>\n<tr>\n<td style=\"text-align: left;\">Fu\u00dfball (von Hichert)<\/td>\n<td style=\"text-align: left;\">Eine spa\u00dfige Excelanimation von <a href=\"http:\/\/www.hichert.com\/\">Hichert+Partner AG<\/a>.<\/td>\n<td style=\"text-align: center;\"><a href=\"http:\/\/conny-dethloff.de\/mediapool\/78\/781999\/data\/KRAKLKU_Fussball.xls\"><img loading=\"lazy\" decoding=\"async\" class=\"size-full wp-image-2135 aligncenter\" src=\"http:\/\/blog-conny-dethloff.de\/wp-content\/uploads\/2012\/12\/link.png\" alt=\"link\" width=\"16\" height=\"16\" \/><\/a><\/td>\n<\/tr>\n<tr>\n<td style=\"text-align: left;\">Flitzebogen (von Hichert)<\/td>\n<td style=\"text-align: left;\">Ein spa\u00dfiges Excelspiel von <a href=\"http:\/\/www.hichert.com\/\">Hichert+Partner AG<\/a>.<\/td>\n<td style=\"text-align: center;\"><a href=\"http:\/\/conny-dethloff.de\/mediapool\/78\/781999\/data\/Flitzebogen.xls\"><img loading=\"lazy\" decoding=\"async\" class=\"size-full wp-image-2135 aligncenter\" src=\"http:\/\/blog-conny-dethloff.de\/wp-content\/uploads\/2012\/12\/link.png\" alt=\"link\" width=\"16\" height=\"16\" \/><\/a><\/td>\n<\/tr>\n<\/tbody>\n<\/table>\n","protected":false},"excerpt":{"rendered":"<p>Meine Modelle im Know-Why Net Im Know-Why Net werden Modelle gesammelt, die mit dem iModeler erstellt wurden. Hier sehen Sie alle meine bislang erstellten Modelle, die ich dort ver\u00f6ffentlich habe. Titel Beschreibung Link Transformation: Leitbilder sind beides, passf\u00e4hig und nicht &hellip; <a href=\"https:\/\/blog-conny-dethloff.de\/?page_id=4136\">Continue reading <span class=\"meta-nav\">&rarr;<\/span><\/a><\/p>\n","protected":false},"author":1,"featured_media":0,"parent":2121,"menu_order":0,"comment_status":"closed","ping_status":"closed","template":"","meta":{"footnotes":""},"class_list":["post-4136","page","type-page","status-publish","hentry"],"_links":{"self":[{"href":"https:\/\/blog-conny-dethloff.de\/index.php?rest_route=\/wp\/v2\/pages\/4136","targetHints":{"allow":["GET"]}}],"collection":[{"href":"https:\/\/blog-conny-dethloff.de\/index.php?rest_route=\/wp\/v2\/pages"}],"about":[{"href":"https:\/\/blog-conny-dethloff.de\/index.php?rest_route=\/wp\/v2\/types\/page"}],"author":[{"embeddable":true,"href":"https:\/\/blog-conny-dethloff.de\/index.php?rest_route=\/wp\/v2\/users\/1"}],"replies":[{"embeddable":true,"href":"https:\/\/blog-conny-dethloff.de\/index.php?rest_route=%2Fwp%2Fv2%2Fcomments&post=4136"}],"version-history":[{"count":8,"href":"https:\/\/blog-conny-dethloff.de\/index.php?rest_route=\/wp\/v2\/pages\/4136\/revisions"}],"predecessor-version":[{"id":48734,"href":"https:\/\/blog-conny-dethloff.de\/index.php?rest_route=\/wp\/v2\/pages\/4136\/revisions\/48734"}],"up":[{"embeddable":true,"href":"https:\/\/blog-conny-dethloff.de\/index.php?rest_route=\/wp\/v2\/pages\/2121"}],"wp:attachment":[{"href":"https:\/\/blog-conny-dethloff.de\/index.php?rest_route=%2Fwp%2Fv2%2Fmedia&parent=4136"}],"curies":[{"name":"wp","href":"https:\/\/api.w.org\/{rel}","templated":true}]}}